0. Is k a composite number?
False
Suppose -1158563 - 629683 = -18*s. Is s a composite number?
False
Let s be -5394 + (28/42 - 8/3). Let j = s - -8547. Is j prime?
False
Let v = -401 + 400. Is -1 + (-82240)/(8/v) prime?
False
Suppose 4*x - 3*x + 3978 = 0. Let p = x - -20231. Is p a prime number?
True
Is 12/30 + 15169817/25 - (-424)/(-5300) a prime number?
False
Let a be (-13)/(91/42)*(-2)/(-6). Let d(w) = w**3 - w**2 - 6*w + 4. Let p be d(4). Is (-743)/a*p/14 composite?
False
Let u(x) = -533*x - 20. Let o(f) = -1066*f - 40. Let i(d) = -3*o(d) + 5*u(d). Let q be i(4). Suppose 4*v - 1078 = -2*p + 3*v, v - q = -4*p. Is p prime?
False
Let u(r) = -r**3 + 37*r**2 + 24*r - 56. Let n be u(37). Suppose 4*c + 5*i = 3656, 67 = c + 5*i - n. Is c composite?
False
Is (-27)/18*(-3032086)/51 composite?
True
Is 286819686/486 + 2/54 + 8 + -1 prime?
True
Let d(y) = 3734*y + 7971. Is d(100) composite?
False
Let s(x) = 2*x**2 + 25*x - 47. Let k be s(-15). Let j be (11/3)/((-2)/6). Let r = k - j. Is r prime?
False
Suppose 0 = -2*u + 4*z + 238908 + 241898, 9 = 3*z. Is u a composite number?
True
Let h(w) = w**3 + 2*w**2 - 1. Let p be h(-1). Let y = 100 - 95. Suppose y*j - 2399 - 2036 = p. Is j composite?
False
Let d(c) = -3882*c. Let i be d(-1). Suppose -4*n + 0*h = -3*h - i, 0 = -n - 5*h + 959. Is (-1)/(1/n*-3) composite?
True
Let r = 136 + 83. Suppose -20*i = -17*i + 372. Let w = r + i. Is w prime?
False
Let n(y) = -3*y**2 + 13*y + 1. Let g be n(4). Suppose 12 = -g*r + 2, 0 = 3*o + 5*r - 38. Suppose -7*j - 23121 = -o*j. Is j a composite number?
True
Is (46/4 - 1)/((1125/1837590)/25) composite?
True
Let o(n) = -41*n**3 - 7*n**2 - 4*n - 2. Let z be o(-7). Is (13/(-26))/(3/z*-1) prime?
False
Suppose 308472 = 141*t - 74907. Is t a composite number?
False
Let w(y) = 212*y**3 + y**2 + 2*y - 5. Let v(u) = -425*u**3 - 2*u**2 - 4*u + 9. Let p(l) = 3*v(l) + 5*w(l). Let b be p(1). Let r = 661 + b. Is r composite?
True
Suppose -9*t + 5*t = -44. Suppose -5*s + 11 = c, -s + t = c + s. Suppose c*h = -h + 8916. Is h composite?
False
Suppose 5*l = -2*p + 7*p + 32780, -5*l + 32750 = p. Let m = -3063 + l. Suppose 125 - m = -3*x. Is x composite?
True
Suppose -3*x = -b + 45, 4*x = 5*b - 3*b - 80. Suppose 5*n + b*q - 29*q = 6088, 1229 = n + 4*q. Is n a prime number?
True
Let c = -447678 - -725987. Is c composite?
True
Suppose 10*g - 21*g + 55 = 0. Is (g - 1438)*(-99)/9 composite?
True
Suppose 156*p - 8061537 = 52884387. Is p a composite number?
True
Suppose -2*y = -10, -7*o = -2*o - 2*y - 10. Suppose -9 = -5*n + 3*s, -2 - 10 = o*s. Is ((-67 - n) + -2)*(-4)/6 a prime number?
False
Let v(d) = -5*d - 91. Let z be v(-19). Suppose -r + z*o + 623 = -0*o, 4*o = 4*r - 2516. Is r a composite number?
False
Let j = -346738 - -946629. Is j prime?
True
Let a(p) = 366*p**2 - 123*p + 1048. Is a(13) a composite number?
True
Let r = -30 + 35. Suppose -r*o + 45462 = 9492. Suppose -9*s + 15*s = o. Is s a prime number?
False
Let o = 35175 + -22870. Let b = 1692 + o. Is b a prime number?
True
Let m(o) = 5059*o**2 - 101*o + 512. Is m(5) a composite number?
True
Suppose -3*f - 40 = 5*a - 6*f, 0 = -f. Let v(b) = -2*b**3 - 13*b**2 - 6*b - 5. Is v(a) prime?
False
Let o(m) = 7*m**3 + 2*m + 53. Let g be ((-15)/(-25))/((-2)/10) - 1. Let w(h) = -3*h**3 - h - 26. Let s(u) = g*o(u) - 9*w(u). Is s(0) a prime number?
False
Let x = -1287710 + 1983271. Is x prime?
True
Let y = 66 + 358. Is (-6)/((-96)/y)*4/1 a composite number?
True
Suppose 5*n = 85*r - 88*r + 242762, -2*n + 4*r = -97110. Is n a composite number?
True
Suppose -21 = -189*g + 182*g. Suppose 9146 = b + g*f, -3*b + 4*f + 20495 + 6982 = 0. Is b prime?
False
Is (20 + -6)*-61*-181 + -3 a composite number?
False
Let t(w) = -2*w**2 + 29*w + 13. Let m be t(14). Suppose 26*y - m*y = 1. Let h(s) = 10262*s**2 - s + 2. Is h(y) prime?
False
Suppose -16*f - 10260 = -21*f. Suppose -2*m = -f - 1006. Is m prime?
False
Suppose -3*n + h + 354574 = 0, n - 3*h - 57190 = 61004. Is n a composite number?
True
Suppose -5*s + 4 = -2*f, 0*f - 5*s = 4*f + 8. Let a be (f - 3/(-2))*-18. Let m = a + -2. Is m composite?
False
Let a be ((-4734)/(-84) + 2/14)*-2. Suppose c - 268 = 5*c. Let r = c - a. Is r prime?
False
Is (7/(-1 + 14 + -6))/(2/148562) a prime number?
False
Let h(c) = 69*c**3 - 5*c**2 - 25*c - 11. Let b(z) = 23*z**3 - z**2 - 8*z - 3. Let g(q) = 7*b(q) - 2*h(q). Let u = -9 + 12. Is g(u) a prime number?
True
Let c(t) = -t**2 - 23*t - 48. Let g be (0 - -2 - -2) + (-28 - -3). Let l be c(g). Is 5/10*l/(-1)*11 a composite number?
True
Let i(z) = 2*z + 6. Let y be i(-2). Let o(a) = -5 - 10*a + 7 - 20 + 11*a**y. Is o(10) composite?
True
Let l = -1081 + 8948. Is l prime?
True
Suppose 6 = 5*x - 1289. Suppose 0*p + x = 7*p. Let q = 558 - p. Is q a prime number?
True
Let k = -201999 + 377572. Is k composite?
False
Suppose 7*d - 4326325 = -3*v, 776673 = -5*d + 5*v + 3866948. Is d prime?
True
Suppose 283*v - 10052509 = 85664034. Is v a composite number?
True
Let c(t) = -2*t**2 - 27*t + 17. Let k be c(-14). Let d be 33/((k/(-6))/((-10)/4)). Is (-1 - (-1 - (0 - 2))) + d composite?
False
Let a(g) = -g**2 + g - 1. Let s(y) = 16*y**2 - 10*y - 20. Let u(n) = 3*a(n) + s(n). Is u(8) a prime number?
False
Let h(x) be the second derivative of 22*x**4/3 + 5*x**3 - 5*x**2/2 - 245*x. Is h(9) prime?
True
Let u = 23 + -253. Let p(l) = l**2 - 9*l + 8. Let t be p(6). Is (u/(-23))/((-4)/t) a prime number?
False
Suppose 0 = 10*z - 10219 - 1411. Let y be (1 + 0)*-1 - -677. Let v = y + z. Is v composite?
True
Is ((-6)/18)/(10/(-148710)) a composite number?
False
Suppose -5*w = l - 111289, -17*l + 2*w = -20*l + 333945. Is l composite?
True
Let k = -18547 + 129177. Suppose 460759 = 23*r + k. Is r a composite number?
True
Let m(r) = -85*r**2. Let f be m(-1). Suppose 6*z + 270 - 330 = 0. Is z/(-2)*f + -3 a composite number?
True
Let c(m) = -6254*m + 1787. Is c(-13) a composite number?
False
Suppose -12*o - 2578 = -109846. Suppose v = 4*m + 1527, o - 1216 = 5*v + 2*m. Is v prime?
True
Suppose 6*s = -22639 - 8165. Let p = 7371 + s. Is p composite?
False
Let m = 408 + -371. Suppose 154600 + 385267 = m*t. Is t composite?
False
Is (36689139/4)/27*4 composite?
False
Suppose -20*p = -19*p - 4265. Is (-4)/10*p/(-2) a prime number?
True
Suppose 10*f - 100 = 14*f. Let m = f - -29. Suppose 0 = -5*n - 3*h + 3724, -3*h = m*n - n - 2238. Is n a composite number?
False
Let l(t) = 10*t - 33. Suppose 29 = 5*d - 4*g - 286, -5*g = 0. Suppose d*f - 61*f = 20. Is l(f) composite?
False
Suppose 0*v - 2*v - k = -2, 3*v + 3*k = 6. Suppose -5*t - 4*c + 7711 = v, 0*t + 3*t - 4630 = c. Is t prime?
True
Let o be (-15)/(-21) + (1 - 25/35). Is (-1 - o) + (-1)/(-1) + 854 prime?
True
Let n be 13/((-130)/96) - (-2)/(-5). Let m(y) = -419*y - 40. Let s be m(n). Suppose 6115 + s = 5*c. Is c a prime number?
True
Let h be (126/(-30) + (-2)/(-10))/(-2). Suppose 6*s - 87 = s - w, 3*s = -h*w + 48. Is 3490/(-1)*(-9)/s a composite number?
True
Let b(j) = 3 - 2688*j - 9263*j + 2013*j + 0. Is b(-1) a composite number?
False
Let k(y) = 6*y - 122. Let j be k(21). Suppose 20 = j*o, 2*o + 387 = -4*h + 5*h. Is h prime?
True
Suppose -144*l + 145*l + p - 117005 = 0, -3*p - 233980 = -2*l. Is l composite?
True
Let h be ((-8)/(-5))/((-20)/(-250)). Suppose h*q - 8*q - 18444 = 0. Is q prime?
False
Let k be (14/49 + (-24)/(-63))*77277. Let x = -36675 + k. Is x prime?
True
Suppose -285 = 10*q - 35. Is 4/20 - 90320/q a composite number?
False
Let x(z) = -11835*z - 4204. Is x(-55) a composite number?
False
Suppose 2*u = 4*o + 16, 4*o + o - 10 = -5*u. Is 13751*(u + (-4 - -1)) a composite number?
False
Let g(f) = f**2 + 12*f + 23. Let n(h) = h**2 - 5*h - 10. Let j be n(0). Let a be g(j). Suppose -s = 2*i - 4031, -a*s + 20194 = 2*s - 3*i. Is s composite?
True
Let j = 501670 - -6357. Is j composite?
True
Is 23480 + 4 - (-49)/(-7) a prime number?
False
Let k = 231 + -224. Suppose 3*f - 9487 = -2*a, -6327 = -2*f - k*a + 8*a. Is f a prime number?
True
Let g = 87 + -79. Let i be (-4)/(-2) + -10 + g. Suppose 5*p - 429 - 146 = i. Is p prime?
False
Let r(o) = o**2 + o - 54. Let f be r(0). Let j = -2732 - -2660. Is (f/j)/(2/584) composite?
True
Let y = -900 + 910. Suppose -2*l + y*m + 10638 = 6*m, -m = 3*l - 15971. Is l prime?
True
Let b be 6*3*(100 + (3 - 1)). Suppose u + 14548 = 5